{"id":23,"date":"2024-08-27T22:51:50","date_gmt":"2024-08-27T20:51:50","guid":{"rendered":"http:\/\/formtest.you2.pl\/?page_id=23"},"modified":"2024-08-27T22:51:50","modified_gmt":"2024-08-27T20:51:50","slug":"niepowodzenie-platnosci","status":"publish","type":"page","link":"https:\/\/formtest.you2.pl\/?page_id=23","title":{"rendered":"Niepowodzenie p\u0142atno\u015bci"},"content":{"rendered":"Niestety, nie uda\u0142o si\u0119 przetworzy\u0107 transakcji. Spr\u00f3buj ponownie lub skontaktuj si\u0119 z pomoc\u0105 techniczn\u0105 witryny.","protected":false},"excerpt":{"rendered":"<p>Niestety, nie uda\u0142o si\u0119 przetworzy\u0107 transakcji. Spr\u00f3buj ponownie lub skontaktuj si\u0119 z pomoc\u0105 techniczn\u0105 witryny.<\/p>\n","protected":false},"author":1,"featured_media":0,"parent":0,"menu_order":0,"comment_status":"closed","ping_status":"closed","template":"","meta":{"_acf_changed":false,"footnotes":""},"class_list":["post-23","page","type-page","status-publish","hentry"],"acf":[],"_links":{"self":[{"href":"https:\/\/formtest.you2.pl\/index.php?rest_route=\/wp\/v2\/pages\/23","targetHints":{"allow":["GET"]}}],"collection":[{"href":"https:\/\/formtest.you2.pl\/index.php?rest_route=\/wp\/v2\/pages"}],"about":[{"href":"https:\/\/formtest.you2.pl\/index.php?rest_route=\/wp\/v2\/types\/page"}],"author":[{"embeddable":true,"href":"https:\/\/formtest.you2.pl\/index.php?rest_route=\/wp\/v2\/users\/1"}],"replies":[{"embeddable":true,"href":"https:\/\/formtest.you2.pl\/index.php?rest_route=%2Fwp%2Fv2%2Fcomments&post=23"}],"version-history":[{"count":0,"href":"https:\/\/formtest.you2.pl\/index.php?rest_route=\/wp\/v2\/pages\/23\/revisions"}],"wp:attachment":[{"href":"https:\/\/formtest.you2.pl\/index.php?rest_route=%2Fwp%2Fv2%2Fmedia&parent=23"}],"curies":[{"name":"wp","href":"https:\/\/api.w.org\/{rel}","templated":true}]}}